{"id":52,"date":"2020-08-30T07:57:42","date_gmt":"2020-08-30T05:57:42","guid":{"rendered":"http:\/\/zspslodkow.com\/przedszkole1\/?page_id=52"},"modified":"2020-08-30T07:57:42","modified_gmt":"2020-08-30T05:57:42","slug":"przedszkole-w-slodkowie-3","status":"publish","type":"page","link":"https:\/\/zspslodkow.com\/przedszkole1\/przedszkole-w-slodkowie-3\/","title":{"rendered":"Przedszkole w S\u0142odkowie"},"content":{"rendered":"\n<p>Przedszkole prowadzi wiele projekt\u00f3w i przedsi\u0119wzi\u0119\u0107. Wsp\u00f3\u0142pracujemy z wieloma instytucjami i plac\u00f3wkami. Naszym wsp\u00f3lnym celem jest dobro dziecka oraz jego rozw\u00f3j.<\/p>\n\n\n\n<p>Kadr\u0119 pedagogiczn\u0105 tworzy zesp\u00f3\u0142 wykszta\u0142conych i kreatywnych nauczycieli, dbaj\u0105cych o ciep\u0142\u0105 i przyjazn\u0105 atmosfer\u0119<\/p>\n","protected":false},"excerpt":{"rendered":"<p>Przedszkole prowadzi wiele projekt\u00f3w i przedsi\u0119wzi\u0119\u0107. Wsp\u00f3\u0142pracujemy z wieloma instytucjami i plac\u00f3wkami. Naszym wsp\u00f3lnym celem [&hellip;]<\/p>\n","protected":false},"author":1,"featured_media":41,"parent":0,"menu_order":0,"comment_status":"closed","ping_status":"closed","template":"","meta":{"footnotes":""},"class_list":["post-52","page","type-page","status-publish","has-post-thumbnail","hentry"],"_links":{"self":[{"href":"https:\/\/zspslodkow.com\/przedszkole1\/wp-json\/wp\/v2\/pages\/52","targetHints":{"allow":["GET"]}}],"collection":[{"href":"https:\/\/zspslodkow.com\/przedszkole1\/wp-json\/wp\/v2\/pages"}],"about":[{"href":"https:\/\/zspslodkow.com\/przedszkole1\/wp-json\/wp\/v2\/types\/page"}],"author":[{"embeddable":true,"href":"https:\/\/zspslodkow.com\/przedszkole1\/wp-json\/wp\/v2\/users\/1"}],"replies":[{"embeddable":true,"href":"https:\/\/zspslodkow.com\/przedszkole1\/wp-json\/wp\/v2\/comments?post=52"}],"version-history":[{"count":1,"href":"https:\/\/zspslodkow.com\/przedszkole1\/wp-json\/wp\/v2\/pages\/52\/revisions"}],"predecessor-version":[{"id":53,"href":"https:\/\/zspslodkow.com\/przedszkole1\/wp-json\/wp\/v2\/pages\/52\/revisions\/53"}],"wp:featuredmedia":[{"embeddable":true,"href":"https:\/\/zspslodkow.com\/przedszkole1\/wp-json\/wp\/v2\/media\/41"}],"wp:attachment":[{"href":"https:\/\/zspslodkow.com\/przedszkole1\/wp-json\/wp\/v2\/media?parent=52"}],"curies":[{"name":"wp","href":"https:\/\/api.w.org\/{rel}","templated":true}]}}